*z + 5*n - 3 = 0, 0 = -3*z + 4*n + 9. Let w(j) = 8*j**2 + j + 9. Let v be w(z). What is the greatest common factor of v and 196?
28
Let b = 71 + 23. Suppose 161 + b = 3*x. Calculate the highest common factor of x and 51.
17
Let l = 8667 + -8149. What is the greatest common factor of l and 666?
74
Let b = 183 + -181. Let l be 57/11 + 14/(-77). Let n(w) = w**3 - 4*w**2 + 3*w - 6. Let k be n(l). Calculate the highest common factor of k and b.
2
Let a be -1*(2 - ((-120)/(-21))/(10/595)). Calculate the greatest common divisor of 520 and a.
26
Let j be ((-31)/3 + 10)/((-2)/132). Let i = j + 2. Calculate the highest common divisor of i and 9.
3
Let d = -16384 - -16414. Calculate the highest common factor of d and 2685.
15
Let j = 4496 + -4494. Calculate the greatest common divisor of j and 93.
1
Let i(o) = 2*o**3 - 4*o**2 + 2*o. Let b be i(2). Let s be (-2)/((9*6/(-9) - -7)*-2). Calculate the greatest common factor of b and s.
1
Let o = -4316 - -5756. Calculate the greatest common divisor of 24 and o.
24
Let k(u) = 4*u**2 - 1. Let s be ((-29)/(-2) - -2) + (-2)/(-4). Let j = s - 19. Let c be k(j). Calculate the highest common factor of 15 and c.
15
Let u be (32 - -1)*2*6/12. Let a be 5/((-35)/(-9513)) - 6. Calculate the highest common factor of u and a.
33
Suppose -4*b - 450 = -118. Let u = -8 - b. Suppose 2*l - 40 - 20 = 0. Calculate the greatest common divisor of u and l.
15
Let f(g) = -g**3 + 32*g**2 - 24*g - 25. Let y be f(31). Suppose 20*q - 28*q = -y. What is the greatest common divisor of q and 8?
8
Let r(l) = -l + 15. Let m = 17 - 6. Suppose -2*z - m = 3. Let u be r(z). Calculate the greatest common factor of 176 and u.
22
Suppose -13*t + 15*t = 4*g + 78, -5*t + 213 = -g. Suppose t*k = 40*k + 312. Calculate the greatest common factor of 156 and k.
52
Suppose 5735*l - 5732*l - 9315 = 0. What is the greatest common divisor of l and 759?
69
Let s be (-1 + -3)/((-4)/14). Suppose 69*a = 25*a. Suppose -19*r + s*r + 25 = a. Calculate the greatest common factor of r and 35.
5
Let b = 3417 - 3369. What is the greatest common factor of 1552 and b?
16
Let m(u) be the second derivative of u**5/20 + 11*u**4/12 + 5*u**3/3 + 5*u**2 - 10*u + 2. Let p be m(-10). What is the greatest common divisor of p and 10?
10
Let o = 10233 + -7482. Calculate the highest common factor of 147 and o.
21
Suppose -s - 1 + 22 = 0. Let r(j) = -j + 16. Let v be r(-5). Suppose -3*z + 4*u = -v, 5*u = -z + 4*u. Calculate the highest common divisor of s and z.
3
Let g = 4825 - 4656. Calculate the highest common factor of 91 and g.
13
Suppose 2*f - 20 = 4*j + 28, 2*j = -4*f + 46. Suppose 0 = 136*n - 2934 + 78. Calculate the highest common factor of f and n.
7
Let b(k) = k**2 - 4*k - 3. Let z be b(5). Suppose 0 = z*n + n - 63. Suppose -4*g = h - 336, -3*g - 5*h + 258 = 6. What is the highest common divisor of n and g?
21
Let t = -466 - -466. Suppose k + 86 = 3*m, -36 = -t*m - m + 4*k. What is the highest common factor of m and 126?
14
Let d = -76 + 138. Suppose 239*v - 773 = -99 + 14383. Suppose v*q - d*q = 2. What is the greatest common divisor of 2 and q?
2
Suppose -108 = -3*k - 2*q, -2*k - q + 3*q + 72 = 0. Suppose -48*x = -k*x - 600. Calculate the highest common factor of x and 10.
10
Suppose -148 = 10*j - 12*j - 5*i, 0 = 3*i + 12. Let s = j - -388. Calculate the highest common factor of s and 59.
59
Suppose 40*z - 39*z = 5*l - 875, -347 = -2*l + z. What is the greatest common divisor of 1100 and l?
44
Suppose 3*r + 1496 = 2*n, n = 3*r + 430 + 318. Suppose n = 25*h - 14*h. What is the highest common divisor of h and 17?
17
Let m(u) = 132*u + 15. Let z be m(3). Let o be (-2)/(z/(-2079) + 4/22). What is the greatest common divisor of o and 18?
18
Let c be (7630/(-20))/((-23)/184). Calculate the highest common divisor of 224 and c.
28
Let s be 3 + 1/1 + -11 + -4. Let m = s + 17. Let o(u) = 3*u**2 + 2*u - 8. Let c be o(m). What is the highest common factor of c and 16?
16
Let a = -125 + 79. Let y = a - -44. Let c be 10 + -2*y/(-4). What is the greatest common factor of 63 and c?
9
Suppose -2*v + 527 = c, -3*v - c = -4*c - 786. Suppose 0 = -27*l + v + 169. Calculate the greatest common divisor of 16 and l.
16
Let p(c) = 8*c - 34. Let t be p(5). Suppose 3808 = -t*f + 22*f. Calculate the greatest common factor of 14 and f.
14
Suppose -178*g + 13936 = 90*g. Calculate the greatest common divisor of 1313 and g.
13
Let r(s) = 2 + 10*s**2 - 9*s - 6 - 8 + 0 + 2 + s**3. Let d be r(-10). What is the greatest common divisor of d and 110?
10
Let n(h) = h**2 + 5*h - 12. Suppose -8 = -5*c + 2. Let f be (-4)/((-1)/c - (-2 - -1)). Let q be n(f). Calculate the greatest common divisor of q and 156.
12
Let w be 0 + 1 + 16*24. Let q be 70/28*8/10. Suppose -h = 2*b + q - 33, 41 = h - 3*b. Calculate the highest common divisor of w and h.
35
Suppose -2*a + 853 = 851. Let o be a*-1*(-2769)/3 + 5. What is the highest common factor of o and 29?
29
Let s = -81 + 450. Let x(y) = y - 5. Let k be x(2). Let o be (2/k)/((-6)/s). What is the greatest common factor of o and 41?
41
Let x be -26*((58377/(-18))/11 + (-32)/(-24)). Calculate the greatest common divisor of x and 13.
13
Suppose 5*j - 3*l = 1018, 451 + 325 = 4*j + 4*l. What is the highest common divisor of 120 and j?
40
Let r be (-118)/(-295)*(70/12)/7*36. Suppose 5*x = -4*h - 893 + 3710, 2*h + 4*x - 1404 = 0. What is the highest common divisor of r and h?
12
Let z be (55/(-30))/((-5)/990). Calculate the greatest common divisor of 6 and z.
3
Suppose -4*m - 5*u = m - 21260, -2*u = 4*m - 17000. What is the greatest common factor of m and 360?
72
Suppose -357942 = -54*w + 245508. Calculate the highest common divisor of w and 75.
75
Let y(u) = 2*u**2 - 717*u + 61964. Let n be y(144). Let p(d) = -3*d + 2. Let m be p(-2). What is the highest common divisor of m and n?
4
Let j = -457 + 460. Suppose 2*i - 2*z + 132 = 7*i, 3*z + 75 = j*i. What is the greatest common divisor of i and 143?
13
Let s(u) = 385*u**2 + 130*u + 13. Let f be s(10). What is the highest common divisor of 69 and f?
69
Let i = -15 + 177. Suppose 273 = 5*t - i. What is the highest common divisor of t and 3?
3
Let j = -2985 + 3006. Calculate the greatest common divisor of 3654 and j.
21
Let k = -6080 - -12800. Calculate the greatest common factor of 14 and k.
14
Suppose -192 - 58 = -5*l. Suppose -5*a + 2*a - 560 = -10*a. What is the highest common divisor of l and a?
10
Suppose 4*w - 164 = 344. Let h = w - 94. What is the highest common divisor of h and 231?
33
Let x be (-4)/(-56)*6 - (-520)/(-70). Let t be -7*(x + 25/5). Calculate the greatest common factor of 483 and t.
7
Let z = 61 + 17. Suppose -6*r - z + 564 = 0. Calculate the highest common divisor of r and 9.
9
Let i be 4/6*4*2094/16. Suppose 0 = t + 24 - i. Calculate the highest common factor of t and 25.
25
Let f = 13745 + -13679. Calculate the greatest common divisor of 176 and f.
22
Suppose 5*v - 11080 = -5*d, -4*d + 6 = -14. What is the highest common factor of v and 33?
33
Let y(n) = n**3 - 15*n**2 + 59*n - 37. Let k be y(11). Calculate the greatest common divisor of 400 and k.
16
Suppose -200*n - 391 = -4*s - 205*n, -3*s + 299 = -2*n. Calculate the greatest common divisor of s and 429.
33
Let n be (-8)/40 + (-1172)/(-10). Suppose -74*t + 78*t - 11 = -5*v, 4*t + v - 31 = 0. What is the highest common factor of t and n?
9
Suppose 3*k = 5*v + 45, 3*k - 4*v + 32 = 4*k. Let t be (-1 - -1)*(-3)/6 + k. Calculate the greatest common factor of t and 380.
20
Let d = 47254 + -17603. Calculate the highest common factor of 149 and d.
149
Suppose -83 = -4*j + p, -4*j + 4*p = -91 + 23. Let d = j + -12. Let x = 3 - -7. What is the highest common divisor of d and x?
10
Suppose 2 - 12 = -5*z. Let x be ((-27)/z - 0)*(-210)/15. Let s(i) = 2*i + 13. Let h be s(4). Calculate the greatest common factor of h and x.
21
Suppose -4*p + 20 = -4*v, 2*p + 2*p - 2*v - 24 = 0. Let s be (-165)/(-35) - (-2)/p. Suppose s*u - 37 = 13. Calculate the greatest common factor of 25 and u.
5
Suppose 5*h = 10, -7 = -3*u - 4*h + 97. Calculate the highest common factor of u and 20.
4
Let k be (-16)/((114/22 - 5)/(-18)). Suppose -1581*d = -k*d + 252. What is the greatest common divisor of d and 294?
42
Suppose 294 + 520 = 37*v. Let r be 1*47 - (1 + 0). Let x = r - 13. What is th